= -85, d = -5*g + 40. Let x be (-90)/(-4)*(192/(-18) + 14). Calculate the greatest common divisor of d and x.
15
Suppose 4*t - 7*t + 21 = 0. Suppose t + 35 = 3*r. Calculate the greatest common divisor of 154 and r.
14
Let w be -14*((-5 - -2) + 1). Suppose -z = -n + 14, -5 = -0*z + 5*z. Let l = n - -1. What is the highest common factor of w and l?
14
Suppose 0 = 11*w - 6*w - 210. What is the greatest common factor of w and 6?
6
Let q(y) = -15*y**2 - 477*y + 100. Let s be q(-32). Let j(k) = 11*k + 3. Let c be j(3). What is the highest common divisor of c and s?
4
Suppose -38*x - 20*x + 56028 = 0. What is the greatest common divisor of 252 and x?
42
Let d = 296 - 263. What is the highest common factor of 429 and d?
33
Suppose -7*h = -3*i - 9*h + 76, i - 3*h = 18. Let j(q) = q**2 + 4*q + 12. Let g be j(-10). What is the greatest common divisor of g and i?
24
Suppose 4*b - 601 = -5*i, -2*i + 31*b = 27*b - 246. What is the greatest common divisor of 110 and i?
11
Let t(f) = f**3 - 3*f**2 + 6*f - 4. Let q be t(4). Suppose 26*g = 33*g + 14. Let n be (-30)/(-2) - (2 + 4)/g. Calculate the greatest common factor of q and n.
18
Let c = 28 - 27. Let r = c + 3. Let t be (4 - r) + 13 + 1. What is the greatest common divisor of 70 and t?
14
Let t = -1 - -6. Let i be (1*t)/(6 + -5). Suppose -i*m = -22 - 3. Calculate the highest common factor of m and 35.
5
Let f = -16 - -49. Suppose -2*v + 42 = 2*l, 2*l - 3*v = -2*v + f. Calculate the highest common factor of l and 54.
18
Let f be (-19)/((-19)/(-6)) - (-33 + 1). Calculate the highest common divisor of f and 4.
2
Suppose -79*k = -77*k - 4. Calculate the highest common divisor of 8 and k.
2
Suppose -7*u + 15*u = 240. Let s be 10/4*16/2. What is the highest common factor of u and s?
10
Suppose 10*j - 302 = -12. What is the highest common factor of j and 232?
29
Let c(a) = -5*a - 2. Let y(f) = 5*f + 1. Let u(n) = 4*c(n) + 5*y(n). Let j be u(3). Let k = j - 0. Calculate the greatest common divisor of k and 4.
4
Let x be -1*(-1)/(-7) - 286/(-91). What is the highest common factor of 30 and x?
3
Suppose 0 = -3*q - 15 - 21. Let w = q - -19. What is the highest common factor of w and 56?
7
Let p be 9 - (-2)/((-6)/(-3)). Suppose p*o - 434 = -114. Calculate the highest common divisor of o and 32.
32
Suppose 3080 = 2*d + 1480. What is the greatest common divisor of 50 and d?
50
Let s be (-8)/10 + (-8672)/(-40). Let j be 21/2*s/21. What is the highest common divisor of j and 18?
18
Let c be ((-18)/10)/((1/15)/(-1)). What is the highest common divisor of 351 and c?
27
Let k be (-1*96/30)/(1/(-30)). Calculate the greatest common divisor of 240 and k.
48
Let n be (13 + -4)/1*50/15. What is the highest common divisor of 36 and n?
6
Suppose -4*o + 15 = -0*o - p, o = p. Suppose o*d - 3*v = 417, 4*v = v + 3. What is the highest common divisor of 12 and d?
12
Suppose -2*p = 2*o - 312, 4*o - 606 = 4*p - 2*p. Let n = -90 + o. Let s be 1*(2 + n) - 2. What is the greatest common divisor of 9 and s?
9
Suppose -6*i = -11*i - 5. Let g(o) = -5*o + 1. Let q be g(i). Let n be (-6 - 0)*(-5 + 3). Calculate the greatest common divisor of q and n.
6
Suppose 10*z - 13*z = 2*k - 703, -702 = -3*z - 3*k. What is the highest common divisor of 94 and z?
47
Let n be (65/(-35) + -7)*-35. What is the greatest common divisor of n and 124?
62
Let g = -101 + 301. Calculate the greatest common divisor of 25 and g.
25
Suppose 11 = -4*x + 5*w, 0 = 3*x + 2*x - 2*w + 35. Let n be (-1 - 2) + 62 + x. Calculate the highest common factor of 10 and n.
10
Let g = 7 + -1. Let u be (-3)/12 + 530*1/8. What is the highest common factor of u and g?
6
Suppose -5*r - 3*h + 112 = 0, 2*r + 0*r - 56 = -4*h. Let x(f) = 2*f**3 - 41*f**2 + 21*f + 10. Let d be x(20). What is the greatest common factor of d and r?
10
Let u be (-88)/4*(-2)/4. Let x = u + 17. Let t = x - 13. What is the highest common factor of 135 and t?
15
Suppose y = 3*y. Suppose -4*m + 2*n = 6*n - 304, 4*m - 5*n - 313 = y. What is the highest common divisor of m and 7?
7
Let a(t) = 2*t**3 - 10*t**2 + 7*t + 10. Let v be a(6). Let g = v + -85. What is the greatest common factor of 156 and g?
39
Let t(r) = 2*r**2 - 14*r - 2. Let f(x) = x**2. Let k(w) = 3*f(w) - t(w). Let g be k(-19). Suppose 0 = -n - 9 + g. What is the highest common divisor of 8 and n?
8
Suppose 16*z = -9*z + 550. Suppose -64 = -5*w - 3*x, -2*w + w + 5*x = 4. Calculate the highest common factor of z and w.
11
Suppose 24*d = 26*d + 28. Let z be 6/d + 11869/91. Let j be (-1)/(-2) + -2 + 165/6. Calculate the highest common factor of z and j.
26
Let r(c) = -c**3 - 3*c**2 + 3*c - 1. Let n be r(-4). Suppose 0 = 5*y - 4*f - 22, 191 = 3*y + 3*f + 194. Calculate the greatest common divisor of y and n.
1
Let f be (0/(-2) + 1)*168. Calculate the highest common factor of f and 126.
42
Let i be 6/18*(-2 - -8). Let m(w) = 7*w - 1. Let z(n) = -34*n + 4. Let x(s) = 14*m(s) + 3*z(s). Let t be x(-2). Calculate the highest common divisor of t and i.
2
Suppose 4*x - 18 - 62 = 0. Let l(d) = 4*d**2 + 2*d - 2. Let a be l(3). What is the greatest common factor of a and x?
20
Let b(v) = -25*v - 145. Let x be b(-6). Calculate the highest common divisor of x and 215.
5
Let r(i) = 18*i. Let t(j) = -18*j. Suppose -3*w + 9 = -9. Let y(d) = w*r(d) + 5*t(d). Let q be y(5). What is the greatest common divisor of 10 and q?
10
Let d = -143 + 170. Calculate the highest common divisor of d and 3.
3
Suppose 0 = -3*q - 3*k + 648, 0 = 3*q - 5*q + 2*k + 420. Let f = q + -122. Calculate the highest common divisor of f and 13.
13
Let o(x) = 15 + 23 - 10*x - 33. Let q = 7 - 11. Let f be o(q). Calculate the highest common divisor of f and 9.
9
Let x = 386 + -157. Suppose -5*v - i = -x, -4*v + 4*i - 6*i + 188 = 0. Let z = 101 - v. Calculate the greatest common divisor of 7 and z.
7
Suppose 0 = -5*r - 5*g + 1188 - 178, -832 = -4*r + 4*g. Calculate the greatest common factor of 5 and r.
5
Suppose -37*c = -43420 + 10157. Calculate the highest common factor of c and 31.
31
Let h = -193 - -93. Let j = -90 - h. What is the highest common factor of j and 90?
10
Let m = 0 - -2. Suppose -c = -4*f - 57, 4*f - f + 109 = m*c. Let k = c - 27. Calculate the highest common divisor of 234 and k.
26
Suppose 3 - 1 = g. Let l be (1 - g/(-4))*30. Calculate the greatest common factor of l and 315.
45
Let w(i) be the second derivative of -i**5/20 + i**4/12 + 3*i**2/2 - 9*i. Let x be w(-5). What is the highest common divisor of 17 and x?
17
Suppose -6*w = -7*w + 4. Suppose 2 + 2 = w*n. Let o be 3 + (21 - (0 - n)). What is the highest common factor of 225 and o?
25
Suppose 2*b + 72 = 6*b. Let x = 20 - b. Suppose -4*n = 25 - 81. What is the highest common factor of n and x?
2
Let p = 2092 - 2083. Calculate the highest common factor of p and 33.
3
Let i(y) = 30*y - 126. Let q be i(9). Calculate the highest common divisor of 18 and q.
18
Let b be ((-6)/(-10))/((-2)/(-10)). Suppose -h + 6 = 4*y - 8, b*y = 4*h - 18. Calculate the greatest common factor of 66 and h.
6
Suppose -9*v + 10*v - 51 = 4*q, q - 11 = 5*v. Let c = -7 - q. What is the highest common divisor of 7 and c?
7
Suppose 3*l - 3*o - 8 = 4, -3*o = -2*l + 3. Suppose h + 2 = l. Let n = -4 + 11. Calculate the highest common factor of n and h.
7
Let d be 80/440 + (480/22)/1. What is the highest common divisor of 297 and d?
11
Let b = -838 - -849. Calculate the highest common divisor of b and 33.
11
Let b(j) = 2*j - 17. Let w(q) = -3*q + 25. Let h(y) = 7*b(y) + 5*w(y). Let s be h(-10). Let o = -23 - -31. What is the greatest common factor of o and s?
8
Suppose 8*k - 3*k - 3*g - 1009 = 0, -412 = -2*k - 3*g. Calculate the highest common divisor of k and 14.
7
Suppose 4 - 12 = -4*w. Let r be (-1 + (-3)/(-2))/((-2)/(-276)). Suppose -w*q + u + r = 0, 2*u = 6*u - 12. Calculate the greatest common divisor of q and 12.
12
Let f(u) = -94*u**3 - 8*u - 14. Let v be f(-2). What is the highest common factor of 26 and v?
26
Let x be (-1 - (2 - -8))*-1. Suppose -2*q - 23 = j - 94, 4*q + 3*j - 147 = 0. What is the highest common factor of x and q?
11
Suppose -1924 = -4*z + 4*p, 7*z + 4*p = 8*z - 493. Calculate the highest common divisor of z and 53.
53
Suppose 1184 = 5*l - 141. Let r(d) = -18*d**2 - d + 4. Let i be r(-3). Let o = l + i. What is the highest common divisor of 1